{"id":7,"date":"2026-03-09T19:00:18","date_gmt":"2026-03-09T18:00:18","guid":{"rendered":"https:\/\/elmobenegas.es\/?page_id=7"},"modified":"2026-03-10T14:52:32","modified_gmt":"2026-03-10T13:52:32","slug":"inicio","status":"publish","type":"page","link":"https:\/\/elmobenegas.es\/","title":{"rendered":"Inicio"},"content":{"rendered":"\n<div class=\"wp-block-cover alignfull\" style=\"min-height:550px;padding-top:120px;padding-bottom:120px;aspect-ratio:unset;\"><span aria-hidden=\"true\" class=\"wp-block-cover__background has-background-dim-100 has-background-dim\" style=\"background-color:#0d3192\"><\/span><div class=\"wp-block-cover__inner-container is-layout-flow wp-block-cover-is-layout-flow\">\n\n<h1 class=\"has-text-align-center wp-block-heading\" style=\"color:#ffffff;font-size:3.5rem;font-style:normal;font-weight:700\">INGENIER\u00cdA INDUSTRIAL<\/h1>\n\n\n\n<p class=\"has-text-align-center\" style=\"color:#ffffff;font-size:1.4rem\">A la altura del reto tecnol\u00f3gico<\/p>\n\n\n\n<hr class=\"wp-block-separator has-text-color has-alpha-channel-opacity has-background is-style-wide\" style=\"background-color:#feb801;color:#feb801\"\/>\n\n\n\n<div class=\"wp-block-columns is-layout-flex wp-container-core-columns-is-layout-1e7a8a7b wp-block-columns-is-layout-flex\" style=\"margin-top:40px\">\n\n<div class=\"wp-block-column is-layout-flow wp-block-column-is-layout-flow\" style=\"padding-top:20px;padding-bottom:20px\">\n\n<h3 class=\"has-text-align-center wp-block-heading\" style=\"color:#ffffff;font-size:1.1rem;text-transform:uppercase;letter-spacing:2px\">Mec\u00e1nica<\/h3>\n\n\n<p class=\"has-text-align-center\" style=\"color:rgba(255,255,255,0.8)\">Conceptualizaci\u00f3n \u00b7 Dise\u00f1o \u00b7 Fabricaci\u00f3n \u00b7 Puesta en marcha<\/p>\n\n<\/div>\n\n\n<div class=\"wp-block-column is-layout-flow wp-block-column-is-layout-flow\" style=\"padding-top:20px;padding-bottom:20px\">\n\n<h3 class=\"has-text-align-center wp-block-heading\" style=\"color:#ffffff;font-size:1.1rem;text-transform:uppercase;letter-spacing:2px\">El\u00e9ctrica<\/h3>\n\n\n<p class=\"has-text-align-center\" style=\"color:rgba(255,255,255,0.8)\">Cuadros el\u00e9ctricos \u00b7 Cableado \u00b7 Puesta en marcha<\/p>\n\n<\/div>\n\n\n<div class=\"wp-block-column is-layout-flow wp-block-column-is-layout-flow\" style=\"padding-top:20px;padding-bottom:20px\">\n\n<h3 class=\"has-text-align-center wp-block-heading\" style=\"color:#ffffff;font-size:1.1rem;text-transform:uppercase;letter-spacing:2px\">Programaci\u00f3n<\/h3>\n\n\n<p class=\"has-text-align-center\" style=\"color:rgba(255,255,255,0.8)\">PLC&#8217;s \u00b7 Robots \u00b7 HMI \u00b7 SCADA<\/p>\n\n<\/div>\n\n<\/div>\n\n<\/div><\/div>\n\n\n\n<div class=\"wp-block-group alignfull is-layout-constrained wp-block-group-is-layout-constrained\" style=\"padding-top:80px;padding-bottom:80px\">\n\n\n<div class=\"wp-block-columns is-layout-flex wp-container-core-columns-is-layout-9b24e0e0 wp-block-columns-is-layout-flex\">\n\n<div class=\"wp-block-column is-layout-flow wp-block-column-is-layout-flow\" style=\"flex-basis:60%\">\n\n<h2 class=\"wp-block-heading\" style=\"font-size:2.2rem\">Qui\u00e9nes somos<\/h2>\n\n\n\n<p style=\"font-size:1.05rem;line-height:1.8\">ELMO BENEGAS es una empresa de ingenier\u00eda orientada a satisfacer las necesidades del mercado industrial. Contamos con un equipo t\u00e9cnico con una dilatada experiencia en el desarrollo y ejecuci\u00f3n de proyectos.<\/p>\n\n\n\n<p style=\"font-size:1.05rem;line-height:1.8\">Iniciamos actividades en el a\u00f1o 1.997 operando en el sector de las instalaciones el\u00e9ctricas industriales. Hoy en d\u00eda, tenemos la capacidad para ofrecer ingenier\u00eda a medida \u2014 mec\u00e1nica, el\u00e9ctrica y software \u2014 con soluciones integrales \u00abllaves en mano\u00bb.<\/p>\n\n\n\n<p style=\"font-size:1.05rem;line-height:1.8\">Es nuestra voluntad que nos identifiquen como un <strong>colaborador de confianza y resoluto<\/strong>.<\/p>\n\n<\/div>\n\n\n\n<div class=\"wp-block-column is-layout-flow wp-block-column-is-layout-flow\" style=\"flex-basis:40%\">\n\n<div class=\"wp-block-group is-layout-flow wp-block-group-is-layout-flow\" style=\"border-left-color:#feb801;border-left-width:4px;padding-top:20px;padding-bottom:20px;padding-left:25px\">\n\n<h3 class=\"wp-block-heading\" style=\"color:#0d3192;font-size:3rem;font-weight:700\">35<\/h3>\n\n\n<p>Profesionales cualificados<\/p>\n\n<\/div>\n\n\n\n<div class=\"wp-block-group is-layout-flow wp-block-group-is-layout-flow\" style=\"border-left-color:#feb801;border-left-width:4px;padding-top:20px;padding-bottom:20px;padding-left:25px\">\n\n<h3 class=\"wp-block-heading\" style=\"color:#0d3192;font-size:3rem;font-weight:700\">7<\/h3>\n\n\n<p>Pa\u00edses con instalaciones<\/p>\n\n<\/div>\n\n\n\n<div class=\"wp-block-group is-layout-flow wp-block-group-is-layout-flow\" style=\"border-left-color:#feb801;border-left-width:4px;padding-top:20px;padding-bottom:20px;padding-left:25px\">\n\n<h3 class=\"wp-block-heading\" style=\"color:#0d3192;font-size:3rem;font-weight:700\">+25<\/h3>\n\n\n<p>A\u00f1os de experiencia<\/p>\n\n<\/div>\n\n<\/div>\n\n<\/div>\n\n<\/div>\n\n\n\n<div class=\"wp-block-group alignfull has-background is-layout-constrained wp-block-group-is-layout-constrained\" style=\"background-color:#f5f5f5;padding-top:80px;padding-bottom:80px\">\n\n\n<h2 class=\"has-text-align-center wp-block-heading\" style=\"font-size:2.2rem\">Nuestros servicios<\/h2>\n\n\n\n<p class=\"has-text-align-center\" style=\"color:#666666\">Soluciones integrales de ingenier\u00eda industrial<\/p>\n\n\n\n<div class=\"wp-block-columns is-layout-flex wp-container-core-columns-is-layout-025252b3 wp-block-columns-is-layout-flex\" style=\"margin-top:50px\">\n\n<div class=\"wp-block-column has-background is-layout-flow wp-block-column-is-layout-flow\" style=\"border-radius:8px;background-color:#ffffff;padding-top:40px;padding-right:30px;padding-bottom:40px;padding-left:30px\">\n\n<h3 class=\"has-text-align-center wp-block-heading\" style=\"font-size:1.2rem\">Mejora de Procesos<\/h3>\n\n\n<p class=\"has-text-align-center\" style=\"color:#666666;font-size:0.95rem\">Asesoramiento t\u00e9cnico e ingenier\u00eda para la mejora de procesos industriales por medio del suministro de equipos y la integraci\u00f3n tecnol\u00f3gica.<\/p>\n\n<\/div>\n\n\n\n<div class=\"wp-block-column has-background is-layout-flow wp-block-column-is-layout-flow\" style=\"border-radius:8px;background-color:#ffffff;padding-top:40px;padding-right:30px;padding-bottom:40px;padding-left:30px\">\n\n<h3 class=\"has-text-align-center wp-block-heading\" style=\"font-size:1.2rem\">Automatizaci\u00f3n Industrial<\/h3>\n\n\n<p class=\"has-text-align-center\" style=\"color:#666666;font-size:0.95rem\">Soluciones completas en la mejora y control de procesos mediante PLC&#8217;s, robots, SCADA, HMI y comunicaci\u00f3n industrial entre equipos.<\/p>\n\n<\/div>\n\n\n\n<div class=\"wp-block-column has-background is-layout-flow wp-block-column-is-layout-flow\" style=\"border-radius:8px;background-color:#ffffff;padding-top:40px;padding-right:30px;padding-bottom:40px;padding-left:30px\">\n\n<h3 class=\"has-text-align-center wp-block-heading\" style=\"font-size:1.2rem\">Instalaciones El\u00e9ctricas<\/h3>\n\n\n<p class=\"has-text-align-center\" style=\"color:#666666;font-size:0.95rem\">Armarios el\u00e9ctricos, cableados, electrificaci\u00f3n de naves industriales e instalaciones de zonas clasificadas cumpliendo normativa CE.<\/p>\n\n<\/div>\n\n\n\n<div class=\"wp-block-column has-background is-layout-flow wp-block-column-is-layout-flow\" style=\"border-radius:8px;background-color:#ffffff;padding-top:40px;padding-right:30px;padding-bottom:40px;padding-left:30px\">\n\n<h3 class=\"has-text-align-center wp-block-heading\" style=\"font-size:1.2rem\">Mantenimiento<\/h3>\n\n\n<p class=\"has-text-align-center\" style=\"color:#666666;font-size:0.95rem\">Diagnosis y reparaci\u00f3n de aver\u00edas, reprogramaci\u00f3n, mejoras continuas, adaptaciones mec\u00e1nicas y el\u00e9ctricas.<\/p>\n\n<\/div>\n\n<\/div>\n\n<\/div>\n\n\n\n<div class=\"wp-block-group alignfull is-layout-constrained wp-block-group-is-layout-constrained\" style=\"padding-top:80px;padding-bottom:80px\">\n\n\n<h2 class=\"has-text-align-center wp-block-heading\" style=\"font-size:2.2rem\">\u00daltimos proyectos<\/h2>\n\n\n\n<div class=\"wp-block-columns is-layout-flex wp-container-core-columns-is-layout-025252b3 wp-block-columns-is-layout-flex\" style=\"margin-top:50px\">\n\n<div class=\"wp-block-column is-layout-flow wp-block-column-is-layout-flow\">\n\n<figure class=\"wp-block-image size-large has-custom-border\"><img decoding=\"async\" src=\"https:\/\/elmobenegas.es\/wp-content\/uploads\/elmo-benegas\/proyectos\/IMG_4849.JPG\" alt=\"Escorchadora en China\" style=\"border-radius:8px\"\/><\/figure>\n\n\n<h4 class=\"has-text-align-center wp-block-heading\">Escorchadora en China<\/h4>\n\n<\/div>\n\n\n<div class=\"wp-block-column is-layout-flow wp-block-column-is-layout-flow\">\n\n<figure class=\"wp-block-image size-large has-custom-border\"><img decoding=\"async\" src=\"https:\/\/elmobenegas.es\/wp-content\/uploads\/elmo-benegas\/proyectos\/DSC_2182.JPG\" alt=\"L\u00ednea pintura-acabados en Ruman\u00eda\" style=\"border-radius:8px\"\/><\/figure>\n\n\n<h4 class=\"has-text-align-center wp-block-heading\">L\u00ednea pintura-acabados en Ruman\u00eda<\/h4>\n\n<\/div>\n\n\n<div class=\"wp-block-column is-layout-flow wp-block-column-is-layout-flow\">\n\n<figure class=\"wp-block-image size-large has-custom-border\"><img decoding=\"async\" src=\"https:\/\/elmobenegas.es\/wp-content\/uploads\/elmo-benegas\/proyectos\/IMG_4348.JPG\" alt=\"L\u00ednea acabados en Ruman\u00eda\" style=\"border-radius:8px\"\/><\/figure>\n\n\n<h4 class=\"has-text-align-center wp-block-heading\">L\u00ednea acabados en Ruman\u00eda<\/h4>\n\n<\/div>\n\n<\/div>\n\n<\/div>\n\n\n\n<div class=\"wp-block-group alignfull has-background is-layout-constrained wp-block-group-is-layout-constrained\" style=\"background-color:#f5f5f5;padding-top:60px;padding-bottom:60px\">\n\n\n<h2 class=\"has-text-align-center wp-block-heading\" style=\"font-size:2.2rem\">Nuestro v\u00eddeo corporativo<\/h2>\n\n\n\n<figure class=\"wp-block-embed is-type-video is-provider-youtube wp-block-embed-youtube wp-embed-aspect-16-9 wp-has-aspect-ratio\"><div class=\"wp-block-embed__wrapper\">\n<iframe loading=\"lazy\" title=\"CORPORATIVO ELMO 2017\" width=\"500\" height=\"281\" src=\"https:\/\/www.youtube.com\/embed\/x8bZYr4H-rg?feature=oembed\" frameborder=\"0\" allow=\"accelerometer; autoplay; clipboard-write; encrypted-media; gyroscope; picture-in-picture; web-share\" referrerpolicy=\"strict-origin-when-cross-origin\" allowfullscreen><\/iframe>\n<\/div><\/figure>\n\n<\/div>\n\n\n\n<div class=\"wp-block-cover alignfull\" style=\"min-height:200px;padding-top:60px;padding-bottom:60px;aspect-ratio:unset;\"><span aria-hidden=\"true\" class=\"wp-block-cover__background has-background-dim-100 has-background-dim\" style=\"background-color:#333333\"><\/span><div class=\"wp-block-cover__inner-container is-layout-flow wp-block-cover-is-layout-flow\">\n\n<div class=\"wp-block-columns is-layout-flex wp-container-core-columns-is-layout-28f84493 wp-block-columns-is-layout-flex\">\n\n<div class=\"wp-block-column is-layout-flow wp-block-column-is-layout-flow\">\n\n<h3 class=\"has-text-align-center wp-block-heading\" style=\"color:#feb801;font-size:2.5rem;font-weight:700\">7<\/h3>\n\n\n<p class=\"has-text-align-center\" style=\"color:#ffffff\">Pa\u00edses con instalaciones<\/p>\n\n<\/div>\n\n\n<div class=\"wp-block-column is-layout-flow wp-block-column-is-layout-flow\">\n\n<h3 class=\"has-text-align-center wp-block-heading\" style=\"color:#feb801;font-size:2.5rem;font-weight:700\">+25<\/h3>\n\n\n<p class=\"has-text-align-center\" style=\"color:#ffffff\">A\u00f1os de experiencia<\/p>\n\n<\/div>\n\n\n<div class=\"wp-block-column is-layout-flow wp-block-column-is-layout-flow\">\n\n<h3 class=\"has-text-align-center wp-block-heading\" style=\"color:#feb801;font-size:2.5rem;font-weight:700\">35<\/h3>\n\n\n<p class=\"has-text-align-center\" style=\"color:#ffffff\">Profesionales cualificados<\/p>\n\n<\/div>\n\n\n<div class=\"wp-block-column is-layout-flow wp-block-column-is-layout-flow\">\n\n<h3 class=\"has-text-align-center wp-block-heading\" style=\"color:#feb801;font-size:2.5rem;font-weight:700\">17<\/h3>\n\n\n<p class=\"has-text-align-center\" style=\"color:#ffffff\">Clientes industriales<\/p>\n\n<\/div>\n\n<\/div>\n\n<\/div><\/div>\n","protected":false},"excerpt":{"rendered":"<p>Qui\u00e9nes somos ELMO BENEGAS es una empresa de ingenier\u00eda orientada a satisfacer las necesidades del mercado industrial. Contamos con un equipo t\u00e9cnico con una dilatada&#8230;<\/p>\n","protected":false},"author":1,"featured_media":0,"parent":0,"menu_order":0,"comment_status":"closed","ping_status":"closed","template":"","meta":{"site-sidebar-layout":"no-sidebar","site-content-layout":"plain-container","ast-site-content-layout":"full-width","site-content-style":"default","site-sidebar-style":"default","ast-global-header-display":"","ast-banner-title-visibility":"","ast-main-header-display":"","ast-hfb-above-header-display":"","ast-hfb-below-header-display":"","ast-hfb-mobile-header-display":"","site-post-title":"disabled","ast-breadcrumbs-content":"","ast-featured-img":"","footer-sml-layout":"","ast-disable-related-posts":"","theme-transparent-header-meta":"disabled","adv-header-id-meta":"","stick-header-meta":"","header-above-stick-meta":"","header-main-stick-meta":"","header-below-stick-meta":"","astra-migrate-meta-layouts":"default","ast-page-background-enabled":"default","ast-page-background-meta":{"desktop":{"background-color":"var(--ast-global-color-5)","background-image":"","background-repeat":"repeat","background-position":"center center","background-size":"auto","background-attachment":"scroll","background-type":"","background-media":"","overlay-type":"","overlay-color":"","overlay-opacity":"","overlay-gradient":""},"tablet":{"background-color":"","background-image":"","background-repeat":"repeat","background-position":"center center","background-size":"auto","background-attachment":"scroll","background-type":"","background-media":"","overlay-type":"","overlay-color":"","overlay-opacity":"","overlay-gradient":""},"mobile":{"background-color":"","background-image":"","background-repeat":"repeat","background-position":"center center","background-size":"auto","background-attachment":"scroll","background-type":"","background-media":"","overlay-type":"","overlay-color":"","overlay-opacity":"","overlay-gradient":""}},"ast-content-background-meta":{"desktop":{"background-color":"var(--ast-global-color-4)","background-image":"","background-repeat":"repeat","background-position":"center center","background-size":"auto","background-attachment":"scroll","background-type":"","background-media":"","overlay-type":"","overlay-color":"","overlay-opacity":"","overlay-gradient":""},"tablet":{"background-color":"var(--ast-global-color-4)","background-image":"","background-repeat":"repeat","background-position":"center center","background-size":"auto","background-attachment":"scroll","background-type":"","background-media":"","overlay-type":"","overlay-color":"","overlay-opacity":"","overlay-gradient":""},"mobile":{"background-color":"var(--ast-global-color-4)","background-image":"","background-repeat":"repeat","background-position":"center center","background-size":"auto","background-attachment":"scroll","background-type":"","background-media":"","overlay-type":"","overlay-color":"","overlay-opacity":"","overlay-gradient":""}},"footnotes":""},"class_list":["post-7","page","type-page","status-publish","hentry"],"_links":{"self":[{"href":"https:\/\/elmobenegas.es\/index.php?rest_route=\/wp\/v2\/pages\/7","targetHints":{"allow":["GET"]}}],"collection":[{"href":"https:\/\/elmobenegas.es\/index.php?rest_route=\/wp\/v2\/pages"}],"about":[{"href":"https:\/\/elmobenegas.es\/index.php?rest_route=\/wp\/v2\/types\/page"}],"author":[{"embeddable":true,"href":"https:\/\/elmobenegas.es\/index.php?rest_route=\/wp\/v2\/users\/1"}],"replies":[{"embeddable":true,"href":"https:\/\/elmobenegas.es\/index.php?rest_route=%2Fwp%2Fv2%2Fcomments&post=7"}],"version-history":[{"count":4,"href":"https:\/\/elmobenegas.es\/index.php?rest_route=\/wp\/v2\/pages\/7\/revisions"}],"predecessor-version":[{"id":66,"href":"https:\/\/elmobenegas.es\/index.php?rest_route=\/wp\/v2\/pages\/7\/revisions\/66"}],"wp:attachment":[{"href":"https:\/\/elmobenegas.es\/index.php?rest_route=%2Fwp%2Fv2%2Fmedia&parent=7"}],"curies":[{"name":"wp","href":"https:\/\/api.w.org\/{rel}","templated":true}]}}