{"id":46,"date":"2026-03-09T19:59:21","date_gmt":"2026-03-09T18:59:21","guid":{"rendered":"https:\/\/elmobenegas.es\/?page_id=46"},"modified":"2026-03-10T14:52:32","modified_gmt":"2026-03-10T13:52:32","slug":"mantenimiento","status":"publish","type":"page","link":"https:\/\/elmobenegas.es\/?page_id=46","title":{"rendered":"Mantenimiento"},"content":{"rendered":"\n<div class=\"wp-block-cover alignfull\" style=\"min-height:300px;aspect-ratio:unset;\"><span aria-hidden=\"true\" class=\"wp-block-cover__background has-background-dim-100 has-background-dim\" style=\"background-color:#0d3192\"><\/span><div class=\"wp-block-cover__inner-container is-layout-flow wp-block-cover-is-layout-flow\">\n\n<h1 class=\"has-text-align-center wp-block-heading\" style=\"color:#ffffff\">Mantenimiento y Mejoras Continuas<\/h1>\n\n<\/div><\/div>\n\n\n\n<div class=\"wp-block-group alignfull is-layout-constrained wp-block-group-is-layout-constrained\" style=\"padding-top:80px;padding-bottom:80px\">\n\n\n<div class=\"wp-block-columns is-layout-flex wp-container-core-columns-is-layout-9cf8123d wp-block-columns-is-layout-flex\">\n\n<div class=\"wp-block-column is-layout-flow wp-block-column-is-layout-flow\" style=\"flex-basis:55%\">\n\n<p style=\"font-size:1.05rem;line-height:1.8\">El objetivo de los servicios de mantenimiento que ELMO BENEGAS presta es conseguir que las instalaciones de nuestros clientes sean lo m\u00e1s fiables y eficientes con el fin de optimizar su rendimiento.<\/p>\n\n\n\n<p style=\"font-size:1.05rem;line-height:1.8\">Los trabajos de mantenimiento que llevamos a cabo est\u00e1n orientados a la resoluci\u00f3n de problemas t\u00e9cnicos por desajustes o aver\u00edas, o bien como la necesidad de adecuar una instalaci\u00f3n a las nuevas necesidades del mercado por medio de la \u00abmejora continua\u00bb.<\/p>\n\n\n\n<p style=\"font-size:1.05rem;line-height:1.8\">Hoy en d\u00eda gracias al equipo t\u00e9cnico y humano del que disponemos podemos ofrecer a nuestros clientes trabajos de mejora continua atendiendo las necesidades mec\u00e1nicas y el\u00e9ctricas.<\/p>\n\n\n\n<p><strong>L\u00edneas de actuaci\u00f3n:<\/strong><\/p>\n\n\n\n<ul class=\"wp-block-list\"><li>Diagnosis y reparaci\u00f3n de aver\u00edas<\/li><li>Reprogramaci\u00f3n y puestas en marcha de equipos<\/li><li>Asesoramiento y mejoras continuas<\/li><li>Adaptaciones mec\u00e1nicas y el\u00e9ctricas<\/li><li>Mantenimiento de instalaciones industriales<\/li><\/ul>\n\n<\/div>\n\n\n\n<div class=\"wp-block-column is-layout-flow wp-block-column-is-layout-flow\" style=\"flex-basis:45%\">\n\n<figure class=\"wp-block-image size-large has-custom-border\"><img decoding=\"async\" src=\"https:\/\/elmobenegas.es\/wp-content\/uploads\/elmo-benegas\/servicios\/mantenimiento\/DSC_3242.JPG\" alt=\"Mantenimiento industrial\" style=\"border-radius:8px\"\/><\/figure>\n\n<\/div>\n\n<\/div>\n\n\n\n<figure class=\"wp-block-gallery has-nested-images columns-4 is-cropped wp-block-gallery-1 is-layout-flex wp-block-gallery-is-layout-flex\" style=\"margin-top:40px\">\n\n<figure class=\"wp-block-image size-medium\"><img decoding=\"async\" src=\"https:\/\/elmobenegas.es\/wp-content\/uploads\/elmo-benegas\/servicios\/mantenimiento\/DSC_0023.JPG\" alt=\"\"\/><\/figure>\n\n\n<figure class=\"wp-block-image size-medium\"><img decoding=\"async\" src=\"https:\/\/elmobenegas.es\/wp-content\/uploads\/elmo-benegas\/servicios\/mantenimiento\/DSC_4186.JPG\" alt=\"\"\/><\/figure>\n\n\n<figure class=\"wp-block-image size-medium\"><img decoding=\"async\" src=\"https:\/\/elmobenegas.es\/wp-content\/uploads\/elmo-benegas\/servicios\/mantenimiento\/IMG_0165.JPG\" alt=\"\"\/><\/figure>\n\n\n<figure class=\"wp-block-image size-medium\"><img decoding=\"async\" src=\"https:\/\/elmobenegas.es\/wp-content\/uploads\/elmo-benegas\/servicios\/mantenimiento\/DSC_4202.JPG\" alt=\"\"\/><\/figure>\n\n<\/figure>\n\n<\/div>\n","protected":false},"excerpt":{"rendered":"<p>El objetivo de los servicios de mantenimiento que ELMO BENEGAS presta es conseguir que las instalaciones de nuestros clientes sean lo m\u00e1s fiables y eficientes&#8230;<\/p>\n","protected":false},"author":1,"featured_media":0,"parent":27,"menu_order":0,"comment_status":"closed","ping_status":"closed","template":"","meta":{"site-sidebar-layout":"no-sidebar","site-content-layout":"plain-container","ast-site-content-layout":"full-width","site-content-style":"default","site-sidebar-style":"default","ast-global-header-display":"","ast-banner-title-visibility":"","ast-main-header-display":"","ast-hfb-above-header-display":"","ast-hfb-below-header-display":"","ast-hfb-mobile-header-display":"","site-post-title":"disabled","ast-breadcrumbs-content":"","ast-featured-img":"","footer-sml-layout":"","ast-disable-related-posts":"","theme-transparent-header-meta":"disabled","adv-header-id-meta":"","stick-header-meta":"","header-above-stick-meta":"","header-main-stick-meta":"","header-below-stick-meta":"","astra-migrate-meta-layouts":"default","ast-page-background-enabled":"default","ast-page-background-meta":{"desktop":{"background-color":"var(--ast-global-color-5)","background-image":"","background-repeat":"repeat","background-position":"center center","background-size":"auto","background-attachment":"scroll","background-type":"","background-media":"","overlay-type":"","overlay-color":"","overlay-opacity":"","overlay-gradient":""},"tablet":{"background-color":"","background-image":"","background-repeat":"repeat","background-position":"center center","background-size":"auto","background-attachment":"scroll","background-type":"","background-media":"","overlay-type":"","overlay-color":"","overlay-opacity":"","overlay-gradient":""},"mobile":{"background-color":"","background-image":"","background-repeat":"repeat","background-position":"center center","background-size":"auto","background-attachment":"scroll","background-type":"","background-media":"","overlay-type":"","overlay-color":"","overlay-opacity":"","overlay-gradient":""}},"ast-content-background-meta":{"desktop":{"background-color":"var(--ast-global-color-4)","background-image":"","background-repeat":"repeat","background-position":"center center","background-size":"auto","background-attachment":"scroll","background-type":"","background-media":"","overlay-type":"","overlay-color":"","overlay-opacity":"","overlay-gradient":""},"tablet":{"background-color":"var(--ast-global-color-4)","background-image":"","background-repeat":"repeat","background-position":"center center","background-size":"auto","background-attachment":"scroll","background-type":"","background-media":"","overlay-type":"","overlay-color":"","overlay-opacity":"","overlay-gradient":""},"mobile":{"background-color":"var(--ast-global-color-4)","background-image":"","background-repeat":"repeat","background-position":"center center","background-size":"auto","background-attachment":"scroll","background-type":"","background-media":"","overlay-type":"","overlay-color":"","overlay-opacity":"","overlay-gradient":""}},"footnotes":""},"class_list":["post-46","page","type-page","status-publish","hentry"],"_links":{"self":[{"href":"https:\/\/elmobenegas.es\/index.php?rest_route=\/wp\/v2\/pages\/46","targetHints":{"allow":["GET"]}}],"collection":[{"href":"https:\/\/elmobenegas.es\/index.php?rest_route=\/wp\/v2\/pages"}],"about":[{"href":"https:\/\/elmobenegas.es\/index.php?rest_route=\/wp\/v2\/types\/page"}],"author":[{"embeddable":true,"href":"https:\/\/elmobenegas.es\/index.php?rest_route=\/wp\/v2\/users\/1"}],"replies":[{"embeddable":true,"href":"https:\/\/elmobenegas.es\/index.php?rest_route=%2Fwp%2Fv2%2Fcomments&post=46"}],"version-history":[{"count":1,"href":"https:\/\/elmobenegas.es\/index.php?rest_route=\/wp\/v2\/pages\/46\/revisions"}],"predecessor-version":[{"id":69,"href":"https:\/\/elmobenegas.es\/index.php?rest_route=\/wp\/v2\/pages\/46\/revisions\/69"}],"up":[{"embeddable":true,"href":"https:\/\/elmobenegas.es\/index.php?rest_route=\/wp\/v2\/pages\/27"}],"wp:attachment":[{"href":"https:\/\/elmobenegas.es\/index.php?rest_route=%2Fwp%2Fv2%2Fmedia&parent=46"}],"curies":[{"name":"wp","href":"https:\/\/api.w.org\/{rel}","templated":true}]}}