{"id":41,"date":"2026-03-09T19:59:20","date_gmt":"2026-03-09T18:59:20","guid":{"rendered":"https:\/\/elmobenegas.es\/?page_id=41"},"modified":"2026-03-10T14:52:32","modified_gmt":"2026-03-10T13:52:32","slug":"departamentos","status":"publish","type":"page","link":"https:\/\/elmobenegas.es\/?page_id=41","title":{"rendered":"Departamentos"},"content":{"rendered":"\n<div class=\"wp-block-cover alignfull\" style=\"min-height:300px;aspect-ratio:unset;\"><span aria-hidden=\"true\" class=\"wp-block-cover__background has-background-dim-100 has-background-dim\" style=\"background-color:#0d3192\"><\/span><div class=\"wp-block-cover__inner-container is-layout-flow wp-block-cover-is-layout-flow\">\n\n<h1 class=\"has-text-align-center wp-block-heading\" style=\"color:#ffffff\">Departamentos<\/h1>\n\n<\/div><\/div>\n\n\n\n<div class=\"wp-block-group alignfull is-layout-constrained wp-block-group-is-layout-constrained\" style=\"padding-top:80px;padding-bottom:80px\">\n\n\n<p class=\"has-text-align-center\" style=\"color:#666666;font-size:1.1rem\">Nuestras instalaciones est\u00e1n divididas en distintas \u00e1reas para llevar a cabo los proyectos de forma estructurada y profesional<\/p>\n\n\n\n<div class=\"wp-block-columns is-layout-flex wp-container-core-columns-is-layout-ad2b8949 wp-block-columns-is-layout-flex\" style=\"margin-top:50px\">\n\n<div class=\"wp-block-column is-layout-flow wp-block-column-is-layout-flow\">\n\n<figure class=\"wp-block-image size-large has-custom-border\"><img decoding=\"async\" src=\"https:\/\/elmobenegas.es\/wp-content\/uploads\/elmo-benegas\/departamentos\/oficinas\/DSCN0328.JPG\" alt=\"Oficinas\" style=\"border-radius:8px\"\/><\/figure>\n\n\n<h3 class=\"has-text-align-center wp-block-heading\">Oficinas<\/h3>\n\n<\/div>\n\n\n<div class=\"wp-block-column is-layout-flow wp-block-column-is-layout-flow\">\n\n<figure class=\"wp-block-image size-large has-custom-border\"><img decoding=\"async\" src=\"https:\/\/elmobenegas.es\/wp-content\/uploads\/elmo-benegas\/departamentos\/oficinas\/DSCN0326.JPG\" alt=\"Oficina T\u00e9cnica\" style=\"border-radius:8px\"\/><\/figure>\n\n\n<h3 class=\"has-text-align-center wp-block-heading\">Oficina T\u00e9cnica<\/h3>\n\n<\/div>\n\n\n<div class=\"wp-block-column is-layout-flow wp-block-column-is-layout-flow\">\n\n<figure class=\"wp-block-image size-large has-custom-border\"><img decoding=\"async\" src=\"https:\/\/elmobenegas.es\/wp-content\/uploads\/elmo-benegas\/departamentos\/oficinas\/DSCN0338.JPG\" alt=\"Oficina de Programaci\u00f3n\" style=\"border-radius:8px\"\/><\/figure>\n\n\n<h3 class=\"has-text-align-center wp-block-heading\">Oficina de Programaci\u00f3n<\/h3>\n\n<\/div>\n\n<\/div>\n\n\n\n<div class=\"wp-block-columns is-layout-flex wp-container-core-columns-is-layout-018101ab wp-block-columns-is-layout-flex\" style=\"margin-top:30px\">\n\n<div class=\"wp-block-column is-layout-flow wp-block-column-is-layout-flow\">\n\n<figure class=\"wp-block-image size-large has-custom-border\"><img decoding=\"async\" src=\"https:\/\/elmobenegas.es\/wp-content\/uploads\/elmo-benegas\/servicios\/instalaciones\/DSC_2282.JPG\" alt=\"Taller El\u00e9ctrico\" style=\"border-radius:8px\"\/><\/figure>\n\n\n<h3 class=\"has-text-align-center wp-block-heading\">Taller El\u00e9ctrico<\/h3>\n\n<\/div>\n\n\n<div class=\"wp-block-column is-layout-flow wp-block-column-is-layout-flow\">\n\n<figure class=\"wp-block-image size-large has-custom-border\"><img decoding=\"async\" src=\"https:\/\/elmobenegas.es\/wp-content\/uploads\/elmo-benegas\/servicios\/mantenimiento\/DSC_3242.JPG\" alt=\"Taller Mec\u00e1nico\" style=\"border-radius:8px\"\/><\/figure>\n\n\n<h3 class=\"has-text-align-center wp-block-heading\">Taller Mec\u00e1nico<\/h3>\n\n<\/div>\n\n\n<div class=\"wp-block-column is-layout-flow wp-block-column-is-layout-flow\">\n\n<figure class=\"wp-block-image size-large has-custom-border\"><img decoding=\"async\" src=\"https:\/\/elmobenegas.es\/wp-content\/uploads\/elmo-benegas\/departamentos\/talleres\/DSCN0345.JPG\" alt=\"Taller de Pintura\" style=\"border-radius:8px\"\/><\/figure>\n\n\n<h3 class=\"has-text-align-center wp-block-heading\">Taller de Pintura<\/h3>\n\n<\/div>\n\n<\/div>\n\n<\/div>\n","protected":false},"excerpt":{"rendered":"<p>Nuestras instalaciones est\u00e1n divididas en distintas \u00e1reas para llevar a cabo los proyectos de forma estructurada y profesional Oficinas Oficina T\u00e9cnica Oficina de Programaci\u00f3n Taller&#8230;<\/p>\n","protected":false},"author":1,"featured_media":0,"parent":26,"menu_order":0,"comment_status":"closed","ping_status":"closed","template":"","meta":{"site-sidebar-layout":"no-sidebar","site-content-layout":"plain-container","ast-site-content-layout":"full-width","site-content-style":"default","site-sidebar-style":"default","ast-global-header-display":"","ast-banner-title-visibility":"","ast-main-header-display":"","ast-hfb-above-header-display":"","ast-hfb-below-header-display":"","ast-hfb-mobile-header-display":"","site-post-title":"disabled","ast-breadcrumbs-content":"","ast-featured-img":"","footer-sml-layout":"","ast-disable-related-posts":"","theme-transparent-header-meta":"disabled","adv-header-id-meta":"","stick-header-meta":"","header-above-stick-meta":"","header-main-stick-meta":"","header-below-stick-meta":"","astra-migrate-meta-layouts":"default","ast-page-background-enabled":"default","ast-page-background-meta":{"desktop":{"background-color":"var(--ast-global-color-5)","background-image":"","background-repeat":"repeat","background-position":"center center","background-size":"auto","background-attachment":"scroll","background-type":"","background-media":"","overlay-type":"","overlay-color":"","overlay-opacity":"","overlay-gradient":""},"tablet":{"background-color":"","background-image":"","background-repeat":"repeat","background-position":"center center","background-size":"auto","background-attachment":"scroll","background-type":"","background-media":"","overlay-type":"","overlay-color":"","overlay-opacity":"","overlay-gradient":""},"mobile":{"background-color":"","background-image":"","background-repeat":"repeat","background-position":"center center","background-size":"auto","background-attachment":"scroll","background-type":"","background-media":"","overlay-type":"","overlay-color":"","overlay-opacity":"","overlay-gradient":""}},"ast-content-background-meta":{"desktop":{"background-color":"var(--ast-global-color-4)","background-image":"","background-repeat":"repeat","background-position":"center center","background-size":"auto","background-attachment":"scroll","background-type":"","background-media":"","overlay-type":"","overlay-color":"","overlay-opacity":"","overlay-gradient":""},"tablet":{"background-color":"var(--ast-global-color-4)","background-image":"","background-repeat":"repeat","background-position":"center center","background-size":"auto","background-attachment":"scroll","background-type":"","background-media":"","overlay-type":"","overlay-color":"","overlay-opacity":"","overlay-gradient":""},"mobile":{"background-color":"var(--ast-global-color-4)","background-image":"","background-repeat":"repeat","background-position":"center center","background-size":"auto","background-attachment":"scroll","background-type":"","background-media":"","overlay-type":"","overlay-color":"","overlay-opacity":"","overlay-gradient":""}},"footnotes":""},"class_list":["post-41","page","type-page","status-publish","hentry"],"_links":{"self":[{"href":"https:\/\/elmobenegas.es\/index.php?rest_route=\/wp\/v2\/pages\/41","targetHints":{"allow":["GET"]}}],"collection":[{"href":"https:\/\/elmobenegas.es\/index.php?rest_route=\/wp\/v2\/pages"}],"about":[{"href":"https:\/\/elmobenegas.es\/index.php?rest_route=\/wp\/v2\/types\/page"}],"author":[{"embeddable":true,"href":"https:\/\/elmobenegas.es\/index.php?rest_route=\/wp\/v2\/users\/1"}],"replies":[{"embeddable":true,"href":"https:\/\/elmobenegas.es\/index.php?rest_route=%2Fwp%2Fv2%2Fcomments&post=41"}],"version-history":[{"count":1,"href":"https:\/\/elmobenegas.es\/index.php?rest_route=\/wp\/v2\/pages\/41\/revisions"}],"predecessor-version":[{"id":64,"href":"https:\/\/elmobenegas.es\/index.php?rest_route=\/wp\/v2\/pages\/41\/revisions\/64"}],"up":[{"embeddable":true,"href":"https:\/\/elmobenegas.es\/index.php?rest_route=\/wp\/v2\/pages\/26"}],"wp:attachment":[{"href":"https:\/\/elmobenegas.es\/index.php?rest_route=%2Fwp%2Fv2%2Fmedia&parent=41"}],"curies":[{"name":"wp","href":"https:\/\/api.w.org\/{rel}","templated":true}]}}